common factor of d and x.
5
Let i = 4 - 10. Let y be ((-40)/i)/(6/(0 + 72)). Calculate the highest common factor of y and 10.
10
Let a = -5 - -15. Let l(r) = -2*r**3 + 2*r**2 - 2*r - 3. Suppose d = 3*n + 10, 3*n + 4*d = -n + 8. Let g be l(n). What is the highest common factor of g and a?
5
Let o = 60 + -42. Suppose -o*b + 13*b = -75. Let m(t) = 44*t + 1. Let z be m(1). What is the highest common factor of b and z?
15
Suppose 2*r = -x + 12 - 1, 0 = r - x - 13. Let j be (-4)/r*(-10 + 3 - 3). What is the greatest common divisor of j and 65?
5
Suppose -356 = -5*q + 3*q + t, -2*q = 2*t - 344. What is the greatest common factor of q and 11?
11
Let y be 2/(-1) - (6 - 8). Suppose 0*x + 3*x = y. Let s(k) = k**3 - k**2 + k + 12. Let n be s(x). What is the highest common factor of 48 and n?
12
Let p(q) = 3*q + 53. Let h(x) = -6*x - 107. Let c(r) = -6*h(r) - 13*p(r). Let k be c(-21). Calculate the greatest common divisor of k and 64.
16
Suppose -12*f + 8*f + 108 = 0. Let o = f - 18. Suppose 0 = o*w - 10*w + 11. What is the highest common factor of 11 and w?
11
Suppose -5*b - 4*n = -167, -130 = -4*b - 3*n + 4. Calculate the greatest common factor of 21 and b.
7
Let q be (-3 - 12/9)*(-5 + -16). Let y = q - 77. Let c(t) = 4*t**3 - 5*t**2 + 3*t - 2. Let g be c(3). What is the highest common factor of y and g?
14
Let p be 0/(-2) + 24 - 0. Let l = -37 + 34. Let j be l/18 + 1736/48. Calculate the highest common factor of p and j.
12
Let q(t) = t**3 + 9*t**2 + 13*t - 6. Let m be q(-6). Calculate the greatest common factor of m and 744.
24
Let j(g) = -5*g**3 - g**2 - 3*g - 19. Let k be j(-4). Calculate the highest common factor of k and 33.
33
Let k(m) = 26*m + 2. Let r be k(3). Let a(v) = -25*v + 125. Let o be a(-3). What is the highest common divisor of r and o?
40
Let m be (-266)/(-14) - 5/1. What is the greatest common divisor of m and 378?
14
Suppose 63 = i - 7. Let n be (112/10)/(1*(-12)/(-30)). What is the greatest common divisor of n and i?
14
Let a = -197 + 210. Calculate the highest common divisor of a and 1079.
13
Suppose w = 5*z - 2*w - 650, w - 138 = -z. Suppose 197 = 13*l - 50. What is the greatest common divisor of z and l?
19
Let q = -32 + 65. Suppose -q = x - 345. Let d = -184 + x. Calculate the greatest common factor of 16 and d.
16
Let k(u) = -u**3 + 12*u**2 - 4*u - 11. Let p be k(11). Suppose -200 = -7*w - 46. Suppose -4*r + 3*r = -w. Calculate the highest common factor of p and r.
22
Let k be 10/3*(-2 - -5). Suppose 13*t = 4796 + 1054. Suppose 18*n - 9*n - t = 0. Calculate the greatest common divisor of k and n.
10
Let h(o) = -2*o**3 - 5*o**2 - 7*o + 1. Let w be h(-3). What is the highest common divisor of 11 and w?
1
Let c = 28 - 20. Suppose -3*y + 4*u + 108 = -2*y, 2*y - 5*u - 201 = 0. What is the highest common divisor of y and c?
8
Suppose 3*t = -4*k + 703 + 285, 5*t = 20. Calculate the greatest common factor of 8 and k.
4
Let g(n) = 7*n**2. Let k be g(-1). Suppose 0 = p - 2*p + 4. Suppose -t = -p*t + 84. Calculate the greatest common divisor of t and k.
7
Suppose 5 = 2*o - 3. Suppose o*r + 77 - 417 = 0. Suppose -14*h - r = -19*h. Calculate the highest common divisor of 136 and h.
17
Suppose 104 = 4*a - 0*a + 2*y, 5*a = 3*y + 152. Let q be (a/(-8)*1 + -1)*-2. What is the highest common divisor of 99 and q?
9
Let p(f) = 28*f - 175. Let h be p(10). Calculate the highest common factor of 168 and h.
21
Let k(d) = 19*d**2 - 3*d. Let x be k(2). Calculate the highest common factor of x and 266.
14
Suppose d = -2, -2*u + 2*d = -7*u + 481. Let y = u - 89. Calculate the greatest common divisor of y and 40.
8
Suppose -4*v + 16 = 0, 2*h = -4*v + 2*v + 82. Let z be -3*26*3/6. Let g be -1 + h + z/13. What is the greatest common divisor of g and 132?
33
Let i(a) = -179*a - 2. Let d be i(-1). Let v = -119 + d. Suppose 4*k = 3*m - v, -m + 14 = -2*k + 6*k. Calculate the greatest common factor of m and 144.
18
Suppose 0 = -2*r - 3 + 7. Suppose r*k + 3*k = 75. Suppose 4*s - k + 7 = 0. What is the highest common divisor of 3 and s?
1
Suppose -j + 38 = 4*y, -4*j + 15 = 5*y - 38. Let p be (0 + -1)/(15/(-180)). Suppose -p*z = -9*z - 27. Calculate the highest common divisor of y and z.
9
Let l(g) = 22*g - 7. Let y be l(-5). Let u be (-43)/(4 - (93/12 + -4)). Let o = y - u. Calculate the greatest common factor of 22 and o.
11
Suppose -5*u + 15 = 0, 2*u + 12 = 2*j - 6. Let f be (40/(-6))/(-5)*18/j. What is the greatest common divisor of 7 and f?
1
Let x(t) = t**2 + 2*t - 3. Let p be x(-6). Suppose -129*r + 770 = -74*r. Calculate the greatest common divisor of r and p.
7
Let f(j) = -2*j - 26. Let q be f(-15). Let p be -4*(-14)/6*(-1 + q). Calculate the highest common factor of 84 and p.
28
Let t be -2*26/(-4)*(8 - 7). Suppose 14*a = t*a + 2. What is the greatest common factor of 22 and a?
2
Let i be (-1 - -1) + 0 + 63. Let r be (-18 - -47) + (-80)/10. What is the highest common factor of i and r?
21
Let l = 1078 - 398. Calculate the greatest common divisor of 40 and l.
40
Let q(k) = k**3 + k**2 + 2*k + 36. Let l be q(0). Calculate the highest common divisor of 12 and l.
12
Suppose 0 = a + 4*p - 1332, 5*a + 4*p - 927 = 5781. What is the greatest common factor of a and 24?
24
Let t be 422/1 + 126/(-14). What is the greatest common divisor of t and 14?
7
Let k(s) = s**3 - 12*s**2 + 34*s + 18. Let u be k(7). Calculate the greatest common divisor of 319 and u.
11
Suppose 4*g - 5*q - 19 = 0, 5*g - q + 7 = -5*q. Let b be 20/14*(-8 + 22). Calculate the greatest common divisor of b and g.
1
Let v(o) = -3*o**2 - 206*o - 310. Let z be v(-67). Suppose 5*a - 38 = 12. What is the greatest common factor of a and z?
5
Let p(j) = -546*j**2 + 4376*j - 10. Let b be p(8). Let c = 13 - 21. Let l = 14 + c. Calculate the greatest common divisor of b and l.
6
Let j = 16 - 27. Let p = 11 + j. Suppose p = -4*m + 11 + 9. Calculate the highest common factor of m and 10.
5
Let m(o) = 8*o - 135. Let n be m(20). Calculate the highest common factor of 1025 and n.
25
Let b = 362 - 33. Calculate the highest common divisor of b and 47.
47
Let a(l) = 32*l - 4. Let s(h) = 32*h - 3. Let q(g) = 6*a(g) - 5*s(g). Let b be q(2). What is the greatest common factor of 22 and b?
11
Suppose s - 95 = -26. Calculate the greatest common divisor of s and 92.
23
Suppose 0*w + 28 = 4*w. Suppose 2*k - 3*s = -3, 1 = -2*s + w. Calculate the greatest common factor of 24 and k.
3
Let r be ((-72)/(-20))/((-8)/(-180)). Let h = r - 64. What is the greatest common divisor of 17 and h?
17
Let y(i) = -i**2 + 2*i + 7. Let u be y(5). Let z be -4*(54/u - 0). Suppose -2365 = -55*c + 11000. Calculate the highest common divisor of z and c.
27
Let w = 44 - 31. Suppose -3*k - 3*x + w = -2*k, -4*k + 68 = -4*x. Calculate the greatest common factor of k and 176.
16
Let h be 2/4*26/2*14. Suppose 33 = 4*m - 3*m + 5*k, -2*k = 4*m - 60. What is the greatest common factor of h and m?
13
Let n be 11 + -8 - (-132 - -1). What is the highest common divisor of n and 2?
2
Let p = -427 + 1137. Calculate the highest common factor of p and 20.
10
Let v be (-11 + 14)/(-3*1/(-5)). Let r = v + 71. What is the greatest common factor of r and 38?
38
Suppose -3*s - 112 = -118. What is the highest common divisor of 62 and s?
2
Let f(j) = j**3 + 4*j**2 - 5*j + 4. Let c be f(-5). Let v be 112/5*25/10. Calculate the highest common factor of c and v.
4
Suppose -3*t + 19 = -191. Let n = 73 - 38. What is the highest common factor of n and t?
35
Let d(h) = 5*h + 164. Let c be d(-16). Calculate the highest common factor of 1008 and c.
84
Suppose 3*b + 3*u - 63 = 0, -4*b - 6*u + u = -88. Let w = b + -13. Calculate the greatest common divisor of 28 and w.
4
Let i be ((-8570)/2)/(-5) + -7. Calculate the greatest common factor of i and 34.
34
Suppose 3*c - 5*j - 2797 = 0, 2*c = c + 5*j + 949. Suppose 9*u - 13*u = -c. Let f = 56 - 23. Calculate the highest common factor of u and f.
33
Let v = -1321 + 1396. What is the highest common divisor of v and 45?
15
Suppose v - 2 + 15 = 4*n, -3*v = -3*n + 3. Suppose -2*o - f + 4 = -0*o, 2*o - 20 = 3*f. Calculate the greatest common factor of n and o.
4
Suppose 29 + 13 = 3*l. What is the greatest common factor of l and 35?
7
Suppose 636*v = 639*v - 555. Calculate the highest common factor of 333 and v.
37
Let m be (84/(-8))/(6/1